 2*u**2 + 2*u - 3. What is the remainder when (1 - 53)/((-2)/1) is divided by k(2)?
8
Suppose 6*o + 58 = -20. Let j = 33 + -9. Let v = j + o. What is the remainder when v is divided by 4?
3
Suppose 15 = c + 2. What is the remainder when c is divided by 3?
1
Let o(b) = 18*b**3 - 2*b + 1. Suppose 2*f = -f - 252. Calculate the remainder when ((-14)/8)/(3/f) is divided by o(1).
15
What is the remainder when (-142)/(-8) - 3/(-12) is divided by 7?
4
Let i(s) = 2*s**3 + 21*s**2 - 12*s - 4. What is the remainder when 27 is divided by i(-11)?
6
Let t = 1 + -4. Let p = 2 - t. What is the remainder when 14 is divided by p?
4
Suppose -2*a - a + 129 = 0. Suppose 13 + a = 4*l. Calculate the remainder when l is divided by 8.
6
Let l(f) = -f**3 - f**2 + f + 25. Calculate the remainder when 47 is divided by l(0).
22
Let t(z) = -z**2 + 6*z + 4. Let l be t(6). Suppose l*x - 58 = -2. Suppose -d + x = -15. What is the remainder when d is divided by 15?
14
Let f(r) = -r + 13. Let v = 98 - 52. Calculate the remainder when v is divided by f(-3).
14
Suppose -d + 14 + 6 = 0. What is the remainder when (-2)/((-1)/38*2) is divided by d?
18
Suppose 0 = -88*g + 84*g + 48. What is the remainder when g is divided by 8?
4
Let g = -60 + 97. What is the remainder when g is divided by (-82)/(-4) - (-1)/2*-1?
17
Suppose 0 = -3*m - 2*m + 120. Calculate the remainder when 90 is divided by m.
18
Suppose 6*c = -3*c + 1638. Calculate the remainder when c is divided by 46.
44
Suppose 306 = -0*d + 2*d. Let z = -106 + d. Calculate the remainder when z is divided by 12.
11
Suppose -11*p = -8*p - 12. What is the remainder when p is divided by 3?
1
Let i(k) = -5*k + 4. Suppose 2*c - 90 = 4*f, -45 = f - c - 4*c. Let t = -10 - f. What is the remainder when i(-3) is divided by t?
9
Let p = -11 - -19. Let x be (-43)/(-2) + 2/(-4). Suppose -9 = -2*u + x. What is the remainder when u is divided by p?
7
Let v(i) = -i**2 + 8*i - 3. Calculate the remainder when 36 is divided by v(4).
10
Calculate the remainder when 9/((-18)/(-68)) + -4 is divided by 8.
6
Let j = -3 - -5. Suppose -4*s - j*k + 12 = 0, 4*k - 2 = s + 4. Let w(r) = 2*r - 2. Calculate the remainder when s is divided by w(2).
0
Calculate the remainder when 77 is divided by (-5 + (-36)/(-8))*-42.
14
Suppose -70 = -3*l - 4*j, 5*l - 59 - 27 = j. What is the remainder when 85 is divided by l?
13
What is the remainder when (-17 + 127)*(-2)/(-2) is divided by 16?
14
Suppose 0 = -3*y + 29189 - 3965. Let i be 4/(-14) - y/(-28). What is the remainder when 43 is divided by i/28 - 2/(-7)?
10
Let m = -5 - -14. Let i(c) = -23*c + 2. Calculate the remainder when i(-1) is divided by m.
7
Let a be (-2)/(-7) + (-3510)/35. Let w = -36 - a. Calculate the remainder when w is divided by 22.
20
Let l(p) = -p**3 + 8*p**2 - 4*p + 7. Let u be ((-1)/1 - 0)*1. Let z = u - -16. What is the remainder when l(7) is divided by z?
13
Suppose -5*m + 84 = -106. Calculate the remainder when m is divided by 10.
8
Let x = 4 - -19. Suppose -5*l - 5*b - 15 = 0, 0*b - 2*b - 6 = 5*l. Suppose 2*t + 24 = 2*c + 4*t, -t = l. What is the remainder when x is divided by c?
11
Suppose -6*w = -2*w + 16. What is the remainder when (-1)/3 - w/3 is divided by (2/4*-2)/(-1)?
0
Suppose 3*u - 2*v = v + 24, -3*u + 4*v + 25 = 0. Calculate the remainder when u is divided by 3.
1
Let p(r) = r**3 - 5*r**2 + 12*r**2 + r - 1 + 4*r + 2. Calculate the remainder when p(-6) is divided by 2.
1
Suppose -2*p + 4*p = 56. Calculate the remainder when p is divided by 10.
8
Suppose -2*f + 1 - 2 = 3*z, 2*z = -4*f - 6. Suppose -5*v = -8*v + 3. Calculate the remainder when z is divided by v.
0
Let m(i) = -i**2 - 7*i + 1. Suppose -2*d - 2*z + 82 = 0, 2*d + 0*d = 3*z + 92. What is the remainder when d is divided by m(-5)?
10
Suppose 4*t = 5*v - 30 + 144, 5*t + v = 128. Suppose 5*o = 3*o + 72. Suppose -2*u = 2*u - o. Calculate the remainder when t is divided by u.
8
Suppose 3*s - 51 + 0 = 0. Let h(w) = 0*w**2 + 4 + 3*w + w**2 - 8. What is the remainder when h(6) is divided by s?
16
Suppose -3*a + 0*a + 3 = 3*q, 2*q - 8 = a. Suppose -q*b - 4*c + 127 = 0, c - 3*c + 193 = 5*b. What is the remainder when b is divided by 10?
7
Let z(o) = o**3 + 13*o**2 + 12*o + 10. What is the remainder when 17 is divided by z(-12)?
7
Suppose -j - n - 176 = -6*j, 4 = -4*n. What is the remainder when 138 is divided by j?
33
Let w be (0/9)/(1 + -3). Suppose w = -4*m + m + 36. What is the remainder when 45 is divided by m?
9
Let u be (-7)/(-3) - 4/(-6). Let w(o) = 0*o - o + u + 1. What is the remainder when 10 is divided by w(0)?
2
Suppose -12*y + 76 = -8*y. Suppose x = w - 60, -244 = -4*w - 0*w + 5*x. What is the remainder when w is divided by y?
18
Let k(j) = -j**3 + 6*j**2 - j - 2. Let d be k(6). Calculate the remainder when 126/4 + (-4)/d is divided by 17.
15
Suppose -3*h - 2*h = 3*o - 13, 0 = -h + 2*o. Suppose y + 118 = h*y. Calculate the remainder when y is divided by 30.
28
Suppose -4*q - 2*j = -j - 47, -4*q + 44 = 4*j. Calculate the remainder when q is divided by 7.
5
Let x(r) = r**2 + 2*r + 26. Let q be x(0). Suppose -2*m = -54 - q. Let s(b) = -5*b - 9. Calculate the remainder when m is divided by s(-6).
19
Let c = -2 + 46. Calculate the remainder when c is divided by 9.
8
What is the remainder when 18 is divided by ((-6)/(-4))/(9/30)?
3
Suppose -3*s + 56 = b, 5*b = -0*s + s + 8. Calculate the remainder when 49 is divided by s.
15
Let r(f) = 5*f - 3. Suppose -60 = -4*o - 4*b, -6*o + b = -3*o - 25. What is the remainder when r(4) is divided by o?
7
Suppose 0 = -4*f, 5*c - 190 = -0*f - 5*f. What is the remainder when 263 is divided by c?
35
Suppose 0 = -8*k + 62 - 30. Let q(z) = -2*z**2 + 5*z + 5. Let y be q(5). Calculate the remainder when (y/6)/(2/(-9)) is divided by k.
3
Calculate the remainder when (6/4)/((-3)/(-442)) is divided by 56.
53
Let b(z) be the third derivative of z**4/3 + z**2. Suppose -4*x - 5*g = -x - 43, 5*x - 4*g = 121. Calculate the remainder when x is divided by b(1).
5
Let x(j) = j**2 - 7*j + 4. Let p = -13 - 1. Let o = -4 - p. Calculate the remainder when x(o) is divided by 9.
7
Suppose 4*q = -2*b + 18, 5*q - b - 15 + 3 = 0. Suppose 264 = l + q*l. Calculate the remainder when l is divided by 17.
15
Let k(m) = 8*m**2 + 1. Calculate the remainder when 35 is divided by k(-1).
8
Let d(i) = -i + 27. What is the remainder when 127 is divided by d(-16)?
41
Suppose 6 = -3*z + 2*z. What is the remainder when 3/(-3 + (-27)/z) is divided by 2?
0
Let m = -45 + 26. Let f = -6 - m. What is the remainder when 3/(6/(-4)) - -40 is divided by f?
12
Let z = 2 + 35. Let m(h) be the second derivative of -h**5/20 + 2*h**4/3 - 5*h**3/6 - h**2/2 + h. What is the remainder when z is divided by m(7)?
11
Let m(x) = -x + 6. Let d be m(4). Calculate the remainder when 11 is divided by (-8*(-1)/d)/1.
3
Calculate the remainder when 73 is divided by 104/(-20)*15/(-6).
8
Let i be (-14)/(-4)*(-4)/(-2). Suppose -48 = -4*z - g, 5*g - i = -3*z + 12. What is the remainder when z is divided by 5?
3
Suppose -m + 2 = -9. What is the remainder when m is divided by 4?
3
Let j = 2 + -2. Suppose f = -3*f. Suppose 2*l + f*l - 28 = j. Calculate the remainder when l is divided by 8.
6
Let f(a) = 2*a + 8. Suppose 0 = 2*o + 5*z + 3 - 5, 2*o = -2*z + 8. What is the remainder when 38 is divided by f(o)?
18
Suppose 0*i - 3*i + 63 = 0. What is the remainder when 59 is divided by i?
17
Let o = -7 - -7. Suppose 4*g = 16, -2*k + 78 = -o*k + g. What is the remainder when k is divided by 8?
5
Suppose 2*n - 4 - 18 = 0. Suppose 0 = 5*k + 1 - n. Calculate the remainder when 2 is divided by k.
0
Let v(t) = t**2 - 3*t + 1. Let u be v(1). Let l(z) = -z**3 + z. Let h be l(u). Calculate the remainder when 21 is divided by 7 + 0 + (h - 1).
3
Let o(y) = y**2 + 6*y + 13. What is the remainder when 8 is divided by o(-4)?
3
Suppose -h = 3*a - 93, -2*h + a = -111 - 75. Calculate the remainder when h is divided by 24.
21
Let u be -1*7*(-2 - 1). Suppose -5*s = y - u, 3*s - s = -3*y + 50. What is the remainder when 30 is divided by y?
14
Let f(s) = s**2 + s. Let z(x) = 2*x**2 + 4*x - 1. Let d(t) = -6*f(t) + z(t). Let k be d(-1). Let m = 0 - k. Calculate the remainder when 8 is divided by m.
2
Suppose -7*h - 297 = -16*h. Calculate the remainder when 95 is divided by h.
29
Let a(r) = r